Let y(c) = c**2 + 267*c + 3295. Let q be y(-13). Calculate i(q).
5
Let r(g) = g**3 + 7*g**2 - 10*g - 10. Suppose 4*d - 2*m - 258 = 0, -d = -12*m + 15*m - 61. Suppose 0 = 8*j - 0*j + d. Give r(j).
6
Let y(s) = 5*s. Let w be y(2). Let m be 2/2*((-100)/w - -6). Let f(g) = 4*g + 3 + 0 + 1. Give f(m).
-12
Let f(s) = 3*s**3 + s**2 + 3*s - 1. Let l(n) = -10*n**3 + 7*n**2 + n + 1. Let w(t) = 3*f(t) + l(t). Give w(11).
-13
Let l(p) = -2*p + 2. Let c(a) = a + 5. Let j be c(-7). Let b(y) = 7*y - 7. Let h(r) = j*l(r) - b(r). Let g be 2/3 - (-10)/3. Give h(g).
-9
Let t(k) = -k**3 + 5*k**2 - 3*k + 3. Let z(b) = b**2 - 9*b + 12. Let p be z(13). Let g be ((-12)/(-16))/(12/p). Suppose -4 - g = -2*c. Give t(c).
7
Let r be 1194/(-15)*-5*1. Let y(f) = -f + 14. Let m be y(7). Let g(v) = m - r*v - 2 + 399*v. What is g(-8)?
-3
Let f(l) = -l**2 - 11*l + 11. Suppose -17 = i - 23. Let z be -6 + i + -7 + -4. Give f(z).
11
Let t(z) be the first derivative of -z**3/3 + 9*z**2/2 - 10*z + 991. Calculate t(9).
-10
Let y(w) = 22*w + 10 + 4 + 12 - 118 + 17. Calculate y(4).
13
Let q be (-12)/(-12)*(1 - -4). Suppose 8*a - 5 = 4*a - 3*z, 0 = -3*a - q*z + 1. Let w(p) = -47 + 50 - 525*p + 519*p. Determine w(a).
-9
Let h(u) = -15*u**3 - 3*u**2 + 10*u + 10. Let v be h(-1). Let c(r) be the first derivative of r**2/2 - 11*r - 2. Calculate c(v).
1
Let n(q) = 3*q**2 + 68*q + 102. Let p(x) = 2*x**2 + 44*x + 68. Let l(o) = 5*n(o) - 8*p(o). Calculate l(-10).
-14
Let g(n) = 29*n - 49. Let q(y) = -21*y + 33. Let w(k) = 5*g(k) + 7*q(k). Suppose 0 = -v - 6 - 4. Calculate w(v).
6
Suppose -20*g + 351 = -7*g. Suppose g*w - 26*w = 0, 5*y = -2*w + 45. Let t(a) = a**3 - 7*a**2 - 20*a + 21. Determine t(y).
3
Suppose 4*a = 7*a - 2*a. Suppose 4*d + x + 2 = a, -x - 3 = -4*d - 1. Let j be (-6)/2 - (0 + 2 - d). Let c(g) = -g**2 - 4*g - 5. What is c(j)?
-10
Let f(b) = 9*b + 37. Let h(q) = 2*q + 7. Let r be (-42)/15 - (-8)/10. Let m(i) = r*f(i) + 11*h(i). What is m(-2)?
-5
Suppose -3*u = -9 + 24. Let g(y) = -y**3 - 2*y**2 + 8*y - 1. Let j be g(u). Let n(x) = -22 - 17 + j - 2*x. Determine n(-5).
5
Let n(z) = -16*z**3 - 31*z**2 - 38*z - 11. Let f(c) = -46*c**3 - 94*c**2 - 109*c - 32. Let b(p) = 6*f(p) - 17*n(p). What is b(-9)?
-14
Let f(z) = z**3 + 1 - 15*z - 9 + 7654*z**2 - 7642*z**2. Determine f(-13).
18
Let h be 10*(-15)/(-10) - 0. Let o(q) = 11*q - 12*q + 2 - h*q. Calculate o(2).
-30
Let i(z) = 2*z + 1 + 1 - 1 + 0. Suppose 0 = -4*r + p - 51, -39*r + 3 = -39*r + p. What is i(r)?
-23
Let d be (-20)/(-50) - 64/10. Let z = d + 3. Let j(v) be the first derivative of -v**4/4 - 4*v**3/3 - 2*v**2 - v - 8. Determine j(z).
2
Let a(f) = f - 4. Let c be (-129)/(-15) + -2 - (-21)/15. Determine a(c).
4
Let p = -1307 - -1450. Let y(f) = p*f**2 + 5*f - 57*f**2 + f**3 - 1 - 93*f**2. Let z(g) = 7*g**2 + 2*g + 1. Let x be z(-1). Determine y(x).
-7
Suppose 60 = 7*x + 39. Let b(d) = -d**2 - 15*d + 56. Let f be b(x). Let o(n) = n**3 - 2*n**2 + n + 1. What is o(f)?
3
Let r(s) be the second derivative of -6*s + 1/6*s**3 - 4 + 1/2*s**2 + 1/3*s**4. Let f be (7 + -3)/((-2)/1). What is r(f)?
15
Let g(t) be the second derivative of -4 - 7*t - 9/2*t**3 - 1/2*t**2. What is g(1)?
-28
Let h(u) = 10 + 15 - u**2 - 1204*u - 1176*u + 2390*u. What is h(15)?
-50
Let r(z) be the second derivative of z**5/20 + 2*z**4/3 + z**3 + 7*z. Suppose 103*s + 372 = 41*s. Determine r(s).
36
Let s(o) = 2*o + 5. Let j = 37 + -29. Suppose -i - i = -j. Suppose 0 = -i*c + u - 19, -c - 10 = -0*c - 2*u. Calculate s(c).
-3
Let v(b) be the third derivative of -1/6*b**3 + 1/6*b**4 + 0*b + b**2 + 0 - 1/15*b**5 + 1/120*b**6. Let z = -427 + 430. Determine v(z).
2
Let a(u) = -3*u**3 - 35*u**2 + 18*u + 44. Let s(r) = r**3 + 17*r**2 - 10*r - 22. Let h(p) = -2*a(p) - 5*s(p). Determine h(14).
22
Let p(j) be the third derivative of j**6/30 - j**5/30 - j**3/6 - 261*j**2. Calculate p(1).
1
Let c(a) = 1 - a - 2*a**3 - 10*a**3 + 25*a**3 - 8*a**2 - 8*a**3 - 4*a**3. Calculate c(8).
-7
Let b = -81 - -83. Let o(h) be the third derivative of 0*h - 1/8*h**4 + 4*h**2 + 0 - 1/6*h**3. Determine o(b).
-7
Suppose 0*y - 2*y - 3*h = -6, -4*h + 8 = 0. Suppose -2*d - 85 = -5*j, 0 = -2*d - y*j + 2*j - 82. Let c = d - -47. Let f(m) = -2*m + 4. Give f(c).
-10
Let u be (15/(-3))/(1/(6 - (-28)/(-7))). Let q(p) = -p**2 - 12*p - 5. Give q(u).
15
Let l(f) = 5 + 3*f - 3*f - 3*f + 10 + 6. Give l(8).
-3
Let t(h) = 4*h**3 + 14*h**2 - 8*h + 24. Let n(u) = 5*u**3 + 15*u**2 - 7*u + 25. Let b(d) = 3*n(d) - 4*t(d). Determine b(-12).
-9
Let k(h) be the first derivative of -h**6/360 + h**5/120 + h**4/24 + 5*h**3/3 + 2*h**2 + 11. Let q(c) be the third derivative of k(c). Give q(0).
1
Let t(s) = -17*s**2 + 15*s - 11. Let z(p) = 7*p**2 - 7*p + 5. Let i(a) = -2*t(a) - 5*z(a). Calculate i(3).
3
Let n = -24 + 22. Let l be (-45)/(-18) - 1/n. Let u(k) = -51 + 7*k**2 + 9*k + 0*k + 56 + k**l. Calculate u(-6).
-13
Let y = 10 - 22. Let h(c) = 16 - 10*c - 7*c + 4*c - c**2 - 21 - 10. Calculate h(y).
-3
Let g(q) = -8*q**2 - 7*q**2 - 15 - 7 + 6*q**2 - 795*q + 791*q + 2*q**3. Determine g(5).
-17
Suppose -15 = 3*i, -606*i - 18 = -4*a - 604*i. Let g(n) be the first derivative of -1/3*n**3 + 0*n**a + 0*n + 7. Calculate g(1).
-1
Let j(g) = -48 + 8 - g - g**3 - 396*g**2 + 395*g**2 + 2 + 0*g. Give j(0).
-38
Suppose 9*a + 10 = 14*a. Let o(t) = -76*t**2 - 1 - 68*t**a + 6*t + 137*t**2 + t**3. Determine o(6).
-1
Let w be ((-4)/(-8))/((-1)/(-2))*-1. Let v = w + 16. Suppose 13 = -s + v. Let r(a) = a**3 - 2*a**2 - 1. What is r(s)?
-1
Let k(s) = -s + 26. Let z(d) = -3*d + 112. Let r(h) = -26*k(h) + 6*z(h). Determine r(-2).
-20
Let x(i) = 9*i - 126. Suppose 0 = 148*q - 114*q - 476. What is x(q)?
0
Let d(p) = 46*p - 24*p + 46 - 20 - 18*p. Calculate d(-2).
18
Suppose -2 = -5*u - g - 29, 2*u = 2*g - 18. Let t be (1 - -11)*(-7)/(-28). Let b(y) = -3 - 5 + 5 - y**t - 6*y**2 + 35*y - 37*y. Determine b(u).
9
Let c(t) = -t - 1. Let y(k) = 2*k - 3. Let q(a) = -4 + 2*a - 7 - 1 - 3. Let o be q(7). Let p(j) = o*y(j) - 3*c(j). Calculate p(-3).
3
Let z(f) = f + 1. Let n = -10008 + 9988. Give z(n).
-19
Suppose 0 = -4*t + 26 - 22. Let z be (t*(-20)/(-30))/((-2)/(-21)). Let u(k) = k**3 - 8*k**2 + 7*k + 8. What is u(z)?
8
Suppose w + 14 - 18 = 0. Suppose w*g - 8 = -0. Let d(h) = 3*h + 5 + 0*h + h**g + 10*h - 4*h. What is d(-9)?
5
Let u(l) = l**3 + 11*l**2 - 59*l + 22. Let s be u(-15). Let p(t) = -t + 3*t**2 - s*t - 7*t + 6 - t**3 - 3*t + 23*t. Give p(5).
-19
Suppose 2*p = -2*v, -50*p - 24 = -52*p + 4*v. Let k(g) be the third derivative of 1/24*g**p + 0 - 32*g**2 + 0*g + 3/2*g**3. Calculate k(-7).
2
Let t(h) = -h**3 + 2*h**2 + 9*h + 4. Let u be (6 + -4 - 1)/(9/(-27)). What is t(u)?
22
Let a(v) = 4*v - 89. Let t(r) = 63*r - 1379. Let w(h) = 77*a(h) - 5*t(h). Calculate w(13).
-49
Suppose -5*s - 2*v = 1 - 44, -4*s + 40 = 3*v. Let r(c) be the first derivative of -c**3/3 + 7*c**2/2 + 3*c - 10. Determine r(s).
3
Suppose -17*m + 22*m = 2*l - 12, 2*m + 3*l = -20. Let y(a) = -4*a**2 + 7. Let z(v) = -3*v**2 + v + 6. Let x(f) = 2*y(f) - 3*z(f). Calculate x(m).
24
Let o(f) = -3*f**2 + 3*f - 69. Let p(w) = -3*w**2 + 4*w - 70. Let z(b) = -5*o(b) + 4*p(b). Let s(l) be the first derivative of z(l). Calculate s(1).
7
Let q(h) = 39*h - h**3 + 1821*h**2 - 25*h - 18*h + 38 - 1810*h**2. Calculate q(11).
-6
Let l = -81 + 80. Let v(j) = 6*j + 6. Let i be v(l). Let n(t) be the second derivative of t**4/12 + t**3/6 - 6*t**2 - t. What is n(i)?
-12
Let r(a) = a**2 + 2*a + 4. Let z be r(-9). Let o = -60 + z. Let x(b) = b**2 - 7*b - 7. Calculate x(o).
-7
Let h(u) = u**2 + 36*u + 173. Let w be h(-13). Let t = -129 - w. Let n(y) = -y**3 - 2*y**2 + 2*y + 5. Give n(t).
8
Let d(f) = 6*f - 5. Let a(p) = 2*p + 2. Let q(m) = 4*a(m) + d(m). Let y(h) = h**3 + 2*h**2 - h + 2. Let v be y(-2). Suppose 0 = -3*w - 2 - v. Give q(w).
-25
Suppose -3*j - 6 = -2*j. Let k(n) be the second derivative of -n**4/12 - 2*n**3/3 - n**2/2 + 7795*n. Calculate k(j).
-13
Let o(h) = -h**3 - 2*h**2 - h + 2. Let n(j) = 353*j - 2474. Let l be n(7). Calculate o(l).
14
Let p(n) = -515922*n**2 + 10 - n**3 + 515931*n**2 - 126*n + 100*n. Determine p(4).
-14
Let p(w) = -2*w - 8. Let n(c) = -c**3 - 8*c**2 + 18*c + 99. Let k be n(-9). Let f(o) = -1 - 5 + 4*o - 22*o + o**2. Let d be f(k). Calculate p(d).
4
Let g(k) be the third deri